{"id":167,"date":"2016-10-19T11:10:40","date_gmt":"2016-10-19T11:10:40","guid":{"rendered":"http:\/\/webicode.com\/wp-demos\/ecoshop\/?page_id=167"},"modified":"2021-06-02T22:55:45","modified_gmt":"2021-06-03T01:55:45","slug":"home-1","status":"publish","type":"page","link":"https:\/\/tallermirasol.cl\/","title":{"rendered":""},"content":{"rendered":"<p>[vc_row css=&#8221;.vc_custom_1476879035183{padding-top: 50px !important;padding-bottom: 150px !important;}&#8221;][vc_column]<div class=\"container \"><div class=\"heading  color-dark text-center\"><h4>TALLER MIRASOL<\/h4><span>Taller Mirasol es un taller de bordados con m\u00e1s de 30 a\u00f1os de historia. De la mano de su due\u00f1a y fundadora, Yanina Calvanese, el taller ha transitado como un punto de encuentro donde sus miles de clientes concurren para conseguir esterillas, lanas, clases y una buena conversaci\u00f3n. La gran mayor\u00eda parte probando este oficio del bordado y terminan cautivadas con lo que el bordar les proporciona (relajaci\u00f3n, entretenci\u00f3n, goce, etc..) y motivadas con el resultado final de lo que hacen. Taller Mirasol, ofrece principalmente esterillas marcadas o dibujadas de diversos tama\u00f1os, y lanas artesanales, te\u00f1idas y ovilladas por la misma Yanina, para elegir en su amplia y variada gama de colores con que bordarlas. Tambi\u00e9n ofrece clases personales o grupales y proyectos a la medida de cada cliente si as\u00ed lo requiere.<\/span><\/div><div class=\"heading plain color-dark text-center\"><h4>QU\u00c9 HACEMOS<\/h4><span><\/span><\/div><div class=\"papular-block block-slide single-img-demos\"><div class=\"item\"><div class=\"item-img\"><img class=\"img-1\" src=\"https:\/\/tallermirasol.cl\/wp-content\/uploads\/2021\/05\/Dibujo-de-Esterillas.jpg\" alt=\"\" ><div class=\"overlay\"><div class=\"position-center-center\"><div class=\"inn\"><a data-toggle=\"tooltip\" data-placement=\"top\" title=\"View Image\" href=\"https:\/\/tallermirasol.cl\/wp-content\/uploads\/2021\/05\/Dibujo-de-Esterillas.jpg\" data-lighter><i class=\"icon-magnifier\"><\/i><\/a><a data-toggle=\"tooltip\" data-placement=\"top\" title=\"Add To Cart\" rel=\"nofollow\" href=\"https:\/\/tallermirasol.cl\/index.php\/producto\/marcado-de-esterillas\/\" data-quantity=\"1\" data-product_id=\"674\" data-product_sku=\"\" class=\"product_type_simple add_to_cart_button ajax_add_to_cart\"><i class=\"icon-basket\"><\/i><\/a><span data-toggle=\"tooltip\" data-placement=\"top\" title=\"Add To WishList\">\n<div class=\"yith-wcwl-add-to-wishlist add-to-wishlist-674  wishlist-fragment on-first-load\" data-fragment-ref=\"674\" data-fragment-options=\"{&quot;base_url&quot;:&quot;&quot;,&quot;in_default_wishlist&quot;:false,&quot;is_single&quot;:false,&quot;show_exists&quot;:false,&quot;product_id&quot;:674,&quot;parent_product_id&quot;:674,&quot;product_type&quot;:&quot;simple&quot;,&quot;show_view&quot;:false,&quot;browse_wishlist_text&quot;:&quot;Browse wishlist&quot;,&quot;already_in_wishslist_text&quot;:&quot;The product is already in your wishlist!&quot;,&quot;product_added_text&quot;:&quot;Product added!&quot;,&quot;heading_icon&quot;:&quot;fa-heart-o&quot;,&quot;available_multi_wishlist&quot;:false,&quot;disable_wishlist&quot;:false,&quot;show_count&quot;:false,&quot;ajax_loading&quot;:false,&quot;loop_position&quot;:&quot;after_add_to_cart&quot;,&quot;item&quot;:&quot;add_to_wishlist&quot;}\">\n\t\t\t\n\t\t\t<!-- ADD TO WISHLIST -->\n\t\t\t\n<div class=\"yith-wcwl-add-button\">\n\t<a href=\"?add_to_wishlist=674\" rel=\"nofollow\" data-product-id=\"674\" data-product-type=\"simple\" data-original-product-id=\"674\" class=\"add_to_wishlist single_add_to_wishlist\" data-title=\"Add to wishlist\">\n\t\t<i class=\"yith-wcwl-icon fa fa-heart-o\"><\/i>\t\t<span>Add to wishlist<\/span>\n\t<\/a>\n<\/div>\n\t\t\t<!-- COUNT TEXT -->\n\t\t\t\n\t\t\t<\/div><\/span><\/div><\/div><\/div><\/div><div class=\"item-name\"><a href=\"javascript:void();\">Marcado de Esterillas<\/a><p><\/p><\/div><span class=\"price\"><\/span><\/div><div class=\"item\"><div class=\"item-img\"><img class=\"img-1\" src=\"https:\/\/tallermirasol.cl\/wp-content\/uploads\/2021\/05\/Lanas-Artesanales.jpg\" alt=\"\" ><div class=\"overlay\"><div class=\"position-center-center\"><div class=\"inn\"><a data-toggle=\"tooltip\" data-placement=\"top\" title=\"View Image\" href=\"https:\/\/tallermirasol.cl\/wp-content\/uploads\/2021\/05\/Lanas-Artesanales.jpg\" data-lighter><i class=\"icon-magnifier\"><\/i><\/a><a data-toggle=\"tooltip\" data-placement=\"top\" title=\"Add To Cart\" rel=\"nofollow\" href=\"https:\/\/tallermirasol.cl\/index.php\/producto\/tenido-de-lanas-artesanales\/\" data-quantity=\"1\" data-product_id=\"677\" data-product_sku=\"\" class=\"product_type_simple add_to_cart_button ajax_add_to_cart\"><i class=\"icon-basket\"><\/i><\/a><span data-toggle=\"tooltip\" data-placement=\"top\" title=\"Add To WishList\">\n<div class=\"yith-wcwl-add-to-wishlist add-to-wishlist-677  wishlist-fragment on-first-load\" data-fragment-ref=\"677\" data-fragment-options=\"{&quot;base_url&quot;:&quot;&quot;,&quot;in_default_wishlist&quot;:false,&quot;is_single&quot;:false,&quot;show_exists&quot;:false,&quot;product_id&quot;:677,&quot;parent_product_id&quot;:677,&quot;product_type&quot;:&quot;simple&quot;,&quot;show_view&quot;:false,&quot;browse_wishlist_text&quot;:&quot;Browse wishlist&quot;,&quot;already_in_wishslist_text&quot;:&quot;The product is already in your wishlist!&quot;,&quot;product_added_text&quot;:&quot;Product added!&quot;,&quot;heading_icon&quot;:&quot;fa-heart-o&quot;,&quot;available_multi_wishlist&quot;:false,&quot;disable_wishlist&quot;:false,&quot;show_count&quot;:false,&quot;ajax_loading&quot;:false,&quot;loop_position&quot;:&quot;after_add_to_cart&quot;,&quot;item&quot;:&quot;add_to_wishlist&quot;}\">\n\t\t\t\n\t\t\t<!-- ADD TO WISHLIST -->\n\t\t\t\n<div class=\"yith-wcwl-add-button\">\n\t<a href=\"?add_to_wishlist=677\" rel=\"nofollow\" data-product-id=\"677\" data-product-type=\"simple\" data-original-product-id=\"677\" class=\"add_to_wishlist single_add_to_wishlist\" data-title=\"Add to wishlist\">\n\t\t<i class=\"yith-wcwl-icon fa fa-heart-o\"><\/i>\t\t<span>Add to wishlist<\/span>\n\t<\/a>\n<\/div>\n\t\t\t<!-- COUNT TEXT -->\n\t\t\t\n\t\t\t<\/div><\/span><\/div><\/div><\/div><\/div><div class=\"item-name\"><a href=\"javascript:void();\">Te\u00f1ido de Lanas Artesanales<\/a><p><\/p><\/div><span class=\"price\"><\/span><\/div><div class=\"item\"><div class=\"item-img\"><img class=\"img-1\" src=\"https:\/\/tallermirasol.cl\/wp-content\/uploads\/2021\/05\/Orientacion-Colores-y-Lanas.jpg\" alt=\"\" ><div class=\"overlay\"><div class=\"position-center-center\"><div class=\"inn\"><a data-toggle=\"tooltip\" data-placement=\"top\" title=\"View Image\" href=\"https:\/\/tallermirasol.cl\/wp-content\/uploads\/2021\/05\/Orientacion-Colores-y-Lanas.jpg\" data-lighter><i class=\"icon-magnifier\"><\/i><\/a><a data-toggle=\"tooltip\" data-placement=\"top\" title=\"Add To Cart\" rel=\"nofollow\" href=\"https:\/\/tallermirasol.cl\/index.php\/producto\/orientacion-en-disenos-y-colores\/\" data-quantity=\"1\" data-product_id=\"678\" data-product_sku=\"\" class=\"product_type_simple add_to_cart_button ajax_add_to_cart\"><i class=\"icon-basket\"><\/i><\/a><span data-toggle=\"tooltip\" data-placement=\"top\" title=\"Add To WishList\">\n<div class=\"yith-wcwl-add-to-wishlist add-to-wishlist-678  wishlist-fragment on-first-load\" data-fragment-ref=\"678\" data-fragment-options=\"{&quot;base_url&quot;:&quot;&quot;,&quot;in_default_wishlist&quot;:false,&quot;is_single&quot;:false,&quot;show_exists&quot;:false,&quot;product_id&quot;:678,&quot;parent_product_id&quot;:678,&quot;product_type&quot;:&quot;simple&quot;,&quot;show_view&quot;:false,&quot;browse_wishlist_text&quot;:&quot;Browse wishlist&quot;,&quot;already_in_wishslist_text&quot;:&quot;The product is already in your wishlist!&quot;,&quot;product_added_text&quot;:&quot;Product added!&quot;,&quot;heading_icon&quot;:&quot;fa-heart-o&quot;,&quot;available_multi_wishlist&quot;:false,&quot;disable_wishlist&quot;:false,&quot;show_count&quot;:false,&quot;ajax_loading&quot;:false,&quot;loop_position&quot;:&quot;after_add_to_cart&quot;,&quot;item&quot;:&quot;add_to_wishlist&quot;}\">\n\t\t\t\n\t\t\t<!-- ADD TO WISHLIST -->\n\t\t\t\n<div class=\"yith-wcwl-add-button\">\n\t<a href=\"?add_to_wishlist=678\" rel=\"nofollow\" data-product-id=\"678\" data-product-type=\"simple\" data-original-product-id=\"678\" class=\"add_to_wishlist single_add_to_wishlist\" data-title=\"Add to wishlist\">\n\t\t<i class=\"yith-wcwl-icon fa fa-heart-o\"><\/i>\t\t<span>Add to wishlist<\/span>\n\t<\/a>\n<\/div>\n\t\t\t<!-- COUNT TEXT -->\n\t\t\t\n\t\t\t<\/div><\/span><\/div><\/div><\/div><\/div><div class=\"item-name\"><a href=\"javascript:void();\">Orientaci\u00f3n en Dise\u00f1os y Colores<\/a><p><\/p><\/div><span class=\"price\"><\/span><\/div><div class=\"item\"><div class=\"item-img\"><img class=\"img-1\" src=\"https:\/\/tallermirasol.cl\/wp-content\/uploads\/2021\/05\/Clases-Individuales.jpg\" alt=\"\" ><div class=\"overlay\"><div class=\"position-center-center\"><div class=\"inn\"><a data-toggle=\"tooltip\" data-placement=\"top\" title=\"View Image\" href=\"https:\/\/tallermirasol.cl\/wp-content\/uploads\/2021\/05\/Clases-Individuales.jpg\" data-lighter><i class=\"icon-magnifier\"><\/i><\/a><a data-toggle=\"tooltip\" data-placement=\"top\" title=\"Add To Cart\" rel=\"nofollow\" href=\"https:\/\/tallermirasol.cl\/index.php\/producto\/clases-individuales\/\" data-quantity=\"1\" data-product_id=\"679\" data-product_sku=\"\" class=\"product_type_simple add_to_cart_button ajax_add_to_cart\"><i class=\"icon-basket\"><\/i><\/a><span data-toggle=\"tooltip\" data-placement=\"top\" title=\"Add To WishList\">\n<div class=\"yith-wcwl-add-to-wishlist add-to-wishlist-679  wishlist-fragment on-first-load\" data-fragment-ref=\"679\" data-fragment-options=\"{&quot;base_url&quot;:&quot;&quot;,&quot;in_default_wishlist&quot;:false,&quot;is_single&quot;:false,&quot;show_exists&quot;:false,&quot;product_id&quot;:679,&quot;parent_product_id&quot;:679,&quot;product_type&quot;:&quot;simple&quot;,&quot;show_view&quot;:false,&quot;browse_wishlist_text&quot;:&quot;Browse wishlist&quot;,&quot;already_in_wishslist_text&quot;:&quot;The product is already in your wishlist!&quot;,&quot;product_added_text&quot;:&quot;Product added!&quot;,&quot;heading_icon&quot;:&quot;fa-heart-o&quot;,&quot;available_multi_wishlist&quot;:false,&quot;disable_wishlist&quot;:false,&quot;show_count&quot;:false,&quot;ajax_loading&quot;:false,&quot;loop_position&quot;:&quot;after_add_to_cart&quot;,&quot;item&quot;:&quot;add_to_wishlist&quot;}\">\n\t\t\t\n\t\t\t<!-- ADD TO WISHLIST -->\n\t\t\t\n<div class=\"yith-wcwl-add-button\">\n\t<a href=\"?add_to_wishlist=679\" rel=\"nofollow\" data-product-id=\"679\" data-product-type=\"simple\" data-original-product-id=\"679\" class=\"add_to_wishlist single_add_to_wishlist\" data-title=\"Add to wishlist\">\n\t\t<i class=\"yith-wcwl-icon fa fa-heart-o\"><\/i>\t\t<span>Add to wishlist<\/span>\n\t<\/a>\n<\/div>\n\t\t\t<!-- COUNT TEXT -->\n\t\t\t\n\t\t\t<\/div><\/span><\/div><\/div><\/div><\/div><div class=\"item-name\"><a href=\"javascript:void();\">Clases Individuales<\/a><p><\/p><\/div><span class=\"price\"><\/span><\/div><div class=\"item\"><div class=\"item-img\"><img class=\"img-1\" src=\"https:\/\/tallermirasol.cl\/wp-content\/uploads\/2021\/05\/Clases-Grupales.jpg\" alt=\"\" ><div class=\"overlay\"><div class=\"position-center-center\"><div class=\"inn\"><a data-toggle=\"tooltip\" data-placement=\"top\" title=\"View Image\" href=\"https:\/\/tallermirasol.cl\/wp-content\/uploads\/2021\/05\/Clases-Grupales.jpg\" data-lighter><i class=\"icon-magnifier\"><\/i><\/a><a data-toggle=\"tooltip\" data-placement=\"top\" title=\"Add To Cart\" rel=\"nofollow\" href=\"https:\/\/tallermirasol.cl\/index.php\/producto\/clases-grupales\/\" data-quantity=\"1\" data-product_id=\"680\" data-product_sku=\"\" class=\"product_type_simple add_to_cart_button ajax_add_to_cart\"><i class=\"icon-basket\"><\/i><\/a><span data-toggle=\"tooltip\" data-placement=\"top\" title=\"Add To WishList\">\n<div class=\"yith-wcwl-add-to-wishlist add-to-wishlist-680  wishlist-fragment on-first-load\" data-fragment-ref=\"680\" data-fragment-options=\"{&quot;base_url&quot;:&quot;&quot;,&quot;in_default_wishlist&quot;:false,&quot;is_single&quot;:false,&quot;show_exists&quot;:false,&quot;product_id&quot;:680,&quot;parent_product_id&quot;:680,&quot;product_type&quot;:&quot;simple&quot;,&quot;show_view&quot;:false,&quot;browse_wishlist_text&quot;:&quot;Browse wishlist&quot;,&quot;already_in_wishslist_text&quot;:&quot;The product is already in your wishlist!&quot;,&quot;product_added_text&quot;:&quot;Product added!&quot;,&quot;heading_icon&quot;:&quot;fa-heart-o&quot;,&quot;available_multi_wishlist&quot;:false,&quot;disable_wishlist&quot;:false,&quot;show_count&quot;:false,&quot;ajax_loading&quot;:false,&quot;loop_position&quot;:&quot;after_add_to_cart&quot;,&quot;item&quot;:&quot;add_to_wishlist&quot;}\">\n\t\t\t\n\t\t\t<!-- ADD TO WISHLIST -->\n\t\t\t\n<div class=\"yith-wcwl-add-button\">\n\t<a href=\"?add_to_wishlist=680\" rel=\"nofollow\" data-product-id=\"680\" data-product-type=\"simple\" data-original-product-id=\"680\" class=\"add_to_wishlist single_add_to_wishlist\" data-title=\"Add to wishlist\">\n\t\t<i class=\"yith-wcwl-icon fa fa-heart-o\"><\/i>\t\t<span>Add to wishlist<\/span>\n\t<\/a>\n<\/div>\n\t\t\t<!-- COUNT TEXT -->\n\t\t\t\n\t\t\t<\/div><\/span><\/div><\/div><\/div><\/div><div class=\"item-name\"><a href=\"javascript:void();\">Clases Grupales<\/a><p><\/p><\/div><span class=\"price\"><\/span><\/div><div class=\"item\"><div class=\"item-img\"><img class=\"img-1\" src=\"https:\/\/tallermirasol.cl\/wp-content\/uploads\/2021\/05\/Terminaciones.png\" alt=\"\" ><div class=\"overlay\"><div class=\"position-center-center\"><div class=\"inn\"><a data-toggle=\"tooltip\" data-placement=\"top\" title=\"View Image\" href=\"https:\/\/tallermirasol.cl\/wp-content\/uploads\/2021\/05\/Terminaciones.png\" data-lighter><i class=\"icon-magnifier\"><\/i><\/a><a data-toggle=\"tooltip\" data-placement=\"top\" title=\"Add To Cart\" rel=\"nofollow\" href=\"https:\/\/tallermirasol.cl\/index.php\/producto\/terminaciones-post-bordado\/\" data-quantity=\"1\" data-product_id=\"681\" data-product_sku=\"\" class=\"product_type_simple add_to_cart_button ajax_add_to_cart\"><i class=\"icon-basket\"><\/i><\/a><span data-toggle=\"tooltip\" data-placement=\"top\" title=\"Add To WishList\">\n<div class=\"yith-wcwl-add-to-wishlist add-to-wishlist-681  wishlist-fragment on-first-load\" data-fragment-ref=\"681\" data-fragment-options=\"{&quot;base_url&quot;:&quot;&quot;,&quot;in_default_wishlist&quot;:false,&quot;is_single&quot;:false,&quot;show_exists&quot;:false,&quot;product_id&quot;:681,&quot;parent_product_id&quot;:681,&quot;product_type&quot;:&quot;simple&quot;,&quot;show_view&quot;:false,&quot;browse_wishlist_text&quot;:&quot;Browse wishlist&quot;,&quot;already_in_wishslist_text&quot;:&quot;The product is already in your wishlist!&quot;,&quot;product_added_text&quot;:&quot;Product added!&quot;,&quot;heading_icon&quot;:&quot;fa-heart-o&quot;,&quot;available_multi_wishlist&quot;:false,&quot;disable_wishlist&quot;:false,&quot;show_count&quot;:false,&quot;ajax_loading&quot;:false,&quot;loop_position&quot;:&quot;after_add_to_cart&quot;,&quot;item&quot;:&quot;add_to_wishlist&quot;}\">\n\t\t\t\n\t\t\t<!-- ADD TO WISHLIST -->\n\t\t\t\n<div class=\"yith-wcwl-add-button\">\n\t<a href=\"?add_to_wishlist=681\" rel=\"nofollow\" data-product-id=\"681\" data-product-type=\"simple\" data-original-product-id=\"681\" class=\"add_to_wishlist single_add_to_wishlist\" data-title=\"Add to wishlist\">\n\t\t<i class=\"yith-wcwl-icon fa fa-heart-o\"><\/i>\t\t<span>Add to wishlist<\/span>\n\t<\/a>\n<\/div>\n\t\t\t<!-- COUNT TEXT -->\n\t\t\t\n\t\t\t<\/div><\/span><\/div><\/div><\/div><\/div><div class=\"item-name\"><a href=\"javascript:void();\">Terminaciones post Bordado<\/a><p><\/p><\/div><span class=\"price\"><\/span><\/div><\/div><\/div>[\/vc_column][\/vc_row][vc_row][vc_column]<div class=\"heading  color-dark text-center\"><h4>KITS COJINES PARA BORDAR<\/h4><span>Colorida geometr\u00eda vanguardista, dise\u00f1os mas modernos, coloridos y contempor\u00e1neos, jugando con patchworks, c\u00edrculos, figuras geom\u00e9tricas y l\u00edneas que convergen.<\/span><\/div>[vc_media_grid element_width=&#8221;3&#8243; grid_id=&#8221;vc_gid:1622685068978-17566858-a3c1-10&#8243; include=&#8221;477,476,472,468&#8243;][\/vc_column][\/vc_row][vc_row][vc_column][vc_separator color=&#8221;white&#8221;][\/vc_column][\/vc_row][vc_row][vc_column]<div class=\"heading  color-dark text-center\"><h4>\u00bfQuieres personalizar alg\u00fan dise\u00f1o?<\/h4><span>Escr\u00edbenos por WhatsApp al +56992317599 o a nuestro correo yanina@tallermirasol.cl<\/span><\/div>[\/vc_column][\/vc_row][vc_row][vc_column]<section class=\"special-offers\" style=\"background: #f7f7f7 url(https:\/\/tallermirasol.cl\/wp-content\/uploads\/2021\/05\/23-MirasolFull-57.jpg)  top center no-repeat; background-size: cover;\"><div class=\"container\"><div class=\"col-md-8 center-block\"><h4><\/h4><h1 class=\"extra-huge-text\"><\/h1><\/div><\/div><\/section>[\/vc_column][\/vc_row]<\/p>\n","protected":false},"excerpt":{"rendered":"<p>[vc_row css=&#8221;.vc_custom_1476879035183{padding-top: 50px !important;padding-bottom: 150px !important;}&#8221;][vc_column][\/vc_column][\/vc_row][vc_row][vc_column][vc_media_grid element_width=&#8221;3&#8243; grid_id=&#8221;vc_gid:1622685068978-17566858-a3c1-10&#8243; include=&#8221;477,476,472,468&#8243;][\/vc_column][\/vc_row][vc_row][vc_column][vc_separator color=&#8221;white&#8221;][\/vc_column][\/vc_row][vc_row][vc_column][\/vc_column][\/vc_row][vc_row][vc_column][\/vc_column][\/vc_row]<\/p>\n","protected":false},"author":1,"featured_media":0,"parent":0,"menu_order":0,"comment_status":"closed","ping_status":"closed","template":"","meta":[],"_links":{"self":[{"href":"https:\/\/tallermirasol.cl\/index.php\/wp-json\/wp\/v2\/pages\/167"}],"collection":[{"href":"https:\/\/tallermirasol.cl\/index.php\/wp-json\/wp\/v2\/pages"}],"about":[{"href":"https:\/\/tallermirasol.cl\/index.php\/wp-json\/wp\/v2\/types\/page"}],"author":[{"embeddable":true,"href":"https:\/\/tallermirasol.cl\/index.php\/wp-json\/wp\/v2\/users\/1"}],"replies":[{"embeddable":true,"href":"https:\/\/tallermirasol.cl\/index.php\/wp-json\/wp\/v2\/comments?post=167"}],"version-history":[{"count":68,"href":"https:\/\/tallermirasol.cl\/index.php\/wp-json\/wp\/v2\/pages\/167\/revisions"}],"predecessor-version":[{"id":713,"href":"https:\/\/tallermirasol.cl\/index.php\/wp-json\/wp\/v2\/pages\/167\/revisions\/713"}],"wp:attachment":[{"href":"https:\/\/tallermirasol.cl\/index.php\/wp-json\/wp\/v2\/media?parent=167"}],"curies":[{"name":"wp","href":"https:\/\/api.w.org\/{rel}","templated":true}]}}